{"id":79,"date":"2025-03-14T09:30:41","date_gmt":"2025-03-14T12:30:41","guid":{"rendered":"https:\/\/projetos.rafaelcavalcante.com\/studiodms\/?page_id=79"},"modified":"2025-04-08T22:00:00","modified_gmt":"2025-04-09T01:00:00","slug":"quem-somos","status":"publish","type":"page","link":"https:\/\/projetos.rafaelcavalcante.com\/studiodms\/quem-somos\/","title":{"rendered":"Quem Somos"},"content":{"rendered":"<p style=\"text-align: left;\">Bruno \u00e9 formado em psican\u00e1lise cl\u00ednica pela IRPA em Bras\u00edlia, mediador pela Georgia University nos EUA,\u00a0 instrutor s\u00eanior certificado do programa Cognitively Based Compassion Training &#8211; CBCT\u00ae e facilitador do programa SEE Learning, ambos pelo CCSCBE da Emory University nos EUA, coaching pela SLAC em S\u00e3o Paulo. Estudou l\u00edngua tibetana e filosofia budista no Library of Tibetan Works and Archives, em Dharamsala na \u00cdndia. Concluiu o tradicional retiro de tr\u00eas anos, tr\u00eas meses e tr\u00eas dias do budismo tibetano e segue aprofundando seus estudos e pr\u00e1ticas ao longo de mais de 20 anos, sendo um dos lamas do centro budista Kagyu Pende Gyamtso (DF). Tamb\u00e9m \u00e9 professor no curso de p\u00f3s-gradua\u00e7\u00e3o <em>latu sensu<\/em> em Medita\u00e7\u00e3o e Mindfulness na Faculdade de Medicina da Santa Casa de S\u00e3o Paulo. Al\u00e9m da gradua\u00e7\u00e3o e mestrado em direito p\u00fablico pela PUC\/SP, cursou Ci\u00eancias Sociais na UnB\/DF.<\/p>\n<p style=\"text-align: left;\">Conhe\u00e7a mais sobre o Bruno Vichi na se\u00e7\u00e3o <a href=\"https:\/\/projetos.rafaelcavalcante.com\/studiodms\/estudos-formacoes-e-graduacoes\/\">Estudos, forma\u00e7\u00f5es gradua\u00e7\u00f5es<\/a><\/p>\n<p style=\"text-align: left;\">Visite tamb\u00e9m o <a href=\"https:\/\/www.linkedin.com\/in\/bruno-vichi-21271082\/\" target=\"_blank\" rel=\"noopener\">LinkedIn do Bruno Vichi<\/a><\/p>\n<p>&nbsp;<\/p>\n<p>&gt;&gt; RAFA INSERIR um bot\u00e3o CONTACTAR (at\u00e9 escolhermos um nome melhor) e linkar para o formul\u00e1rio de contato, pf<\/p>\n","protected":false},"excerpt":{"rendered":"<p>O DMS surgiu da vontade do Bruno Vichi de integrar suas diversas forma\u00e7\u00f5es human\u00edsticas e coloc\u00e1-las a servi\u00e7o de pessoas, grupos e institui\u00e7\u00f5es que procuram endere\u00e7ar suas quest\u00f5es existenciais, resolver seus desafios e conflitos de forma emp\u00e1tica, por meio do di\u00e1logo e da troca de saberes.<\/p>\n","protected":false},"author":2,"featured_media":22,"parent":0,"menu_order":0,"comment_status":"closed","ping_status":"closed","template":"","meta":{"_acf_changed":false,"footnotes":""},"class_list":["post-79","page","type-page","status-publish","has-post-thumbnail","hentry"],"acf":[],"_links":{"self":[{"href":"https:\/\/projetos.rafaelcavalcante.com\/studiodms\/wp-json\/wp\/v2\/pages\/79","targetHints":{"allow":["GET"]}}],"collection":[{"href":"https:\/\/projetos.rafaelcavalcante.com\/studiodms\/wp-json\/wp\/v2\/pages"}],"about":[{"href":"https:\/\/projetos.rafaelcavalcante.com\/studiodms\/wp-json\/wp\/v2\/types\/page"}],"author":[{"embeddable":true,"href":"https:\/\/projetos.rafaelcavalcante.com\/studiodms\/wp-json\/wp\/v2\/users\/2"}],"replies":[{"embeddable":true,"href":"https:\/\/projetos.rafaelcavalcante.com\/studiodms\/wp-json\/wp\/v2\/comments?post=79"}],"version-history":[{"count":18,"href":"https:\/\/projetos.rafaelcavalcante.com\/studiodms\/wp-json\/wp\/v2\/pages\/79\/revisions"}],"predecessor-version":[{"id":264,"href":"https:\/\/projetos.rafaelcavalcante.com\/studiodms\/wp-json\/wp\/v2\/pages\/79\/revisions\/264"}],"wp:featuredmedia":[{"embeddable":true,"href":"https:\/\/projetos.rafaelcavalcante.com\/studiodms\/wp-json\/wp\/v2\/media\/22"}],"wp:attachment":[{"href":"https:\/\/projetos.rafaelcavalcante.com\/studiodms\/wp-json\/wp\/v2\/media?parent=79"}],"curies":[{"name":"wp","href":"https:\/\/api.w.org\/{rel}","templated":true}]}}